ctor of p and 12.
6
Let o = -20 - -26. Let n be 1*(-2)/(-6)*0. Suppose -4*l + 195 - 27 = n. Calculate the highest common divisor of o and l.
6
Let j be 60/(-5) + 337140/126*7. Calculate the highest common divisor of j and 98.
98
Let l = 179 - 179. Suppose -3*x + l*m + 145 = 4*m, -4*x + 4*m + 212 = 0. Calculate the greatest common factor of 68 and x.
17
Suppose 0 = -437*m + 427*m + 630. Suppose 4*u = x + 27, -2*x - 3 = -u + 2. What is the greatest common factor of u and m?
7
Suppose -5 = -5*y + 15. Suppose 2*p - 82 = -3*g + g, -y*g - p = -176. What is the greatest common factor of g and 60?
15
Suppose 0 = -4*r + 3*f + 433, r + 26*f = 30*f + 105. Calculate the highest common factor of 545 and r.
109
Let b(n) = -3*n**3 + n**2 + 3*n. Let j(c) = -2*c**3 + 4*c**2 + 5*c - 12. Let i be j(2). Let z be b(i). What is the highest common factor of 858 and z?
22
Let a = 29 - 11. Suppose 19*y - 282 = 16*y. Suppose -y = 5*u - 544. Calculate the greatest common divisor of a and u.
18
Let v = 429 - 209. Suppose 0 = -12*g - 74*g + 13760. What is the highest common divisor of v and g?
20
Let r = -15 + 51. Let g = r - 36. Suppose -6*w + 430 - 88 = g. What is the greatest common factor of w and 19?
19
Let m = 2207 - 2199. Calculate the highest common divisor of m and 3184.
8
Let p = -320 - -490. Suppose 34*f = 24*f + p. Calculate the highest common divisor of 272 and f.
17
Let g be (-4 + 5)*(-2)/8*0. Suppose -2*p - c + 3 = g, 6*p - 3*p = 5*c + 11. Calculate the highest common divisor of p and 106.
2
Suppose -6845 + 1931 = 18*t. Let v = 405 + t. What is the highest common divisor of 88 and v?
44
Let v(m) = m**3 - m**2 + m + 4. Let y be v(0). Let p = y - -20. Let q(t) = 6*t**3 + 3*t**2 + t. Let j be q(3). What is the greatest common divisor of p and j?
24
Suppose 6*g - 1114 - 698 = 0. Let w = -286 + g. Suppose 11 - 43 = -2*v. What is the highest common divisor of w and v?
16
Let m = -6957 + 7014. What is the highest common factor of 70053 and m?
57
Suppose 70*j - 68*j = -18. Let c be j/(-6) - (-5401)/22. Calculate the greatest common factor of c and 19.
19
Let r(h) = -h**3 - 12*h**2 + 29*h - 40. Let j be r(-15). Suppose -4*p + 143 = -17. What is the highest common factor of j and p?
40
Let p = -1863 + 3815. Suppose p = 5*k + 2*i, -2*i - 388 = -k - 3*i. Suppose 0 = 10*l - 6*l - k. What is the highest common factor of l and 14?
14
Suppose 9*c + 1344 = 5*k + 13*c, -k = -3*c - 284. What is the greatest common divisor of 3088 and k?
16
Let u be 1 + 0 + -77 + -26. Let s = -11 - u. Let w be (-14 - -11)*(-13)/3. Calculate the highest common factor of s and w.
13
Let k be (-256)/(-10) - (-8)/20. Let s be 8/60 + 0 - (-19924)/(-30). Let j = s + 950. Calculate the greatest common factor of k and j.
26
Let s = 494 + -485. Suppose -s*a + 1257 = -1938. What is the greatest common factor of a and 142?
71
Let k(g) = 55*g**2 + 3*g + 5. Let b be k(1). Calculate the greatest common divisor of b and 357.
21
Let z be 16/3 + 3/(-9). Let s be (286 - 0/(-4)) + -2. Suppose -4*x = k - 43, -4*k - 3*x = -9*k + s. What is the highest common factor of z and k?
5
Suppose -2*r + 786 = -5*g, 2*r + 13*g = 16*g + 786. What is the greatest common divisor of 1703 and r?
131
Suppose 5*i = 4*b - 4859, -2*b + i = -1760 - 677. Calculate the greatest common factor of b and 1443.
111
Suppose 5*y = -0*y - 10. Let k be -3 + 0 + (145 - y). What is the highest common factor of 16 and k?
16
Suppose -19*n - 3*x = -20*n + 453, 0 = -2*n + 5*x + 907. Calculate the highest common factor of 1026 and n.
114
Suppose 97 = 11*w + 9. Let c be 1650/w + ((-15)/(-12))/(-1). What is the greatest common factor of 82 and c?
41
Suppose 5*v - 196 = v. Let c = 9 + v. Calculate the highest common divisor of 2 and c.
2
Suppose -280*u - 2944 = -288*u. Let q = u + -316. Calculate the highest common factor of q and 78.
26
Suppose -50 = -5*n - 2*l + 3*l, -5*n + 5*l = -50. Let b(q) = q**2 - 11*q + 22. Let h be b(n). Suppose 8*c = h + 4. What is the highest common factor of 1 and c?
1
Suppose 3*z = -2*c + 63125, -32611 = -5*z + 5*c + 72539. Calculate the highest common factor of z and 109.
109
Let g be (1 + 1 + -4)/((-4)/8). What is the greatest common divisor of 12 and g?
4
Suppose 0 = 5*r - 25, -154 = -3*w + 2*r + 118. Let o = 100 - w. What is the greatest common factor of o and 24?
6
Let z(y) = 813*y**2 - 46*y - 135. Let f be z(-3). What is the highest common factor of f and 48?
24
Suppose 0 = -34*b + 39*b - 30. Let a be (18 - 18) + 1 + (-226)/(-2). What is the highest common factor of a and b?
6
Suppose 268 = -n - 5*r + 2198, -3*r = 4*n - 7686. What is the highest common divisor of n and 15?
15
Suppose 4*y = i + 408, 6*y - 3*y + 4*i = 287. Let r = -96 + y. Let u be -3 + (32*3 - r). Calculate the greatest common divisor of 8 and u.
8
Let r = 348 + -366. Let y(q) = -q**3 - 19*q**2 - 23*q - 80. Let g be y(r). Calculate the greatest common divisor of g and 15.
5
Suppose -2100 = -3*v - 11*v. Let n be (90/v)/(2/50). What is the greatest common factor of 50 and n?
5
Let p be 8/(-12) + 508/6. Let w = -82 - -88. Let q be (-432)/18*(-14)/w. What is the greatest common divisor of p and q?
28
Suppose -7*k - 3835 = 6*k. Let y = k + 296. Calculate the greatest common divisor of y and 19.
1
Let k be (38706/(-4))/(((-42)/(-28))/(-1)) + -3. Calculate the highest common factor of 91 and k.
13
Suppose -m + j = -9, -4*m - 13*j + 31 = -16*j. Suppose q = 4*k - 4097, k + 4*q = -m*k + 5116. What is the greatest common divisor of k and 64?
64
Suppose -55*v + 58*v + 5 = 5*k, 20 = 5*k. Calculate the highest common divisor of v and 163.
1
Suppose -2*y = -4*j + 6, y = -j - 3*j + 9. Let t be ((-1)/j)/(27/(-486)). Calculate the highest common divisor of t and 3.
3
Suppose 10*m - 1306 - 3964 = 0. Suppose 185 = -522*f + m*f. Suppose 0 = r - 108 - 40. Calculate the greatest common divisor of r and f.
37
Let z be 11334/13 + 2/13. Suppose 0 = -8*n + z + 2392. Calculate the highest common factor of 24 and n.
24
Let j(o) = -3*o**3 + 4*o**2 + 3*o + 1. Let m be j(-2). Suppose -2*l + 70 = -744*h + 748*h, -2*h + 4*l = 0. What is the highest common factor of h and m?
7
Suppose 2*z = -2*c + 3098, -6*z + 13*c + 9302 = 11*c. What is the greatest common divisor of z and 950?
50
Suppose -5*v = -3*y - 224, 2*v + 2*y - 77 = -y. Suppose -161 + 371 = -10*w. Let j = w + v. What is the highest common divisor of 176 and j?
22
Suppose -48 + 68 = 2*b. Let v(a) = -a - 2. Let k be v(b). Let y be (-49*2/8)/(3/k). What is the greatest common divisor of y and 14?
7
Let r = -87377 + 87447. Suppose 5*k - 216 = -2*h, -88 = -4*k - 2*h + 86. Calculate the greatest common factor of r and k.
14
Let c(z) = -2*z**3 - 7*z**2 - 5*z. Suppose -5*x - 12 = -2*x. Let h be c(x). Suppose 2*v - h = -0*v. What is the greatest common divisor of 9 and v?
9
Let g = 124 - 194. Let f = -1 - g. Calculate the greatest common divisor of f and 621.
69
Suppose 2*v + 2 + 10 = 0. Let y be 3/v + (-237)/(-24)*4. What is the highest common factor of 104 and y?
13
Suppose -5*b + 49 = 4*r - 8*b, -11 = -2*r - 3*b. Suppose -163 = -4*c + 89. Let u = 113 - c. What is the highest common factor of u and r?
10
Suppose -20*o + 3008 = 4*t, 2*t - 112*o = -114*o + 1528. What is the greatest common factor of 531 and t?
59
Let k be -2 + (-1 - 3) + 13 + 2477. What is the highest common divisor of k and 460?
92
Let u be ((-12)/(-8))/((-2)/20). Suppose -3*a + 5 + 34 = -3*q, -a = -2*q - 8. Let g be u/(3*(-2)/a). Calculate the highest common divisor of g and 18.
9
Suppose -2*d = 7 - 9, -5*z = 2*d - 12. Suppose 312 = z*g - 3*p - 609, 2*p + 1394 = 3*g. Calculate the highest common factor of 52 and g.
52
Suppose 67*b = 63*b - 512. Suppose 0 = 4*c + c + 1065. Let i = b - c. What is the greatest common factor of i and 17?
17
Let i(r) = r**3 + 4*r**2 - 12*r + 6. Let x be i(-6). Suppose 5*z + k - 89 = 0, -5*k + 19 = z - x*k. What is the highest common divisor of z and 72?
18
Let v(t) = -347*t**3 + 28*t**2 + 63*t + 7. Let o be v(-2). What is the highest common divisor of o and 117?
39
Let p be (-75 + (-24 - -13))*-12. Calculate the greatest common factor of p and 216.
24
Suppose -2*i + 11 = 3. Let z be 16/6*(4335/(-20) + -3). Let v = z - -602. What is the greatest common divisor of i and v?
4
Let c be (-12)/28 - 1*(-1731)/21. Suppose -c = 8*w - 298. Suppos